 6073, 20507
What are the prime factors of 61926861?
3, 29, 523, 1361
What are the prime factors of 2092642923?
3, 7, 823, 121081
List the prime factors of 2789363008.
2, 43583797
What are the prime factors of 1100563077?
3, 127, 2888617
List the prime factors of 98129399.
449, 218551
What are the prime factors of 144550332?
2, 3, 659, 677
What are the prime factors of 37378686?
2, 3, 101, 61681
List the prime factors of 2227545870.
2, 3, 5, 11, 17, 36097
What are the prime factors of 99476689?
13, 7652053
List the prime factors of 1651169474.
2, 37, 89, 250709
List the prime factors of 2402240528.
2, 19, 467, 16921
What are the prime factors of 2098064815?
5, 7, 11, 43, 126733
What are the prime factors of 51919325?
5, 37, 41
List the prime factors of 18498724.
2, 4624681
List the prime factors of 2488038241.
13, 809, 236573
List the prime factors of 757058202.
2, 3, 23, 181, 10103
What are the prime factors of 3350311538?
2, 7, 239307967
What are the prime factors of 51626535?
3, 5, 17, 193, 1049
List the prime factors of 1423738528.
2, 29, 113, 13577
What are the prime factors of 103668235?
5, 11, 1884877
What are the prime factors of 299844989?
31, 9672419
What are the prime factors of 15513937?
19, 23, 131, 271
What are the prime factors of 2743564195?
5, 548712839
List the prime factors of 2531731.
19, 227, 587
What are the prime factors of 88491647?
17, 47, 110753
List the prime factors of 119202047.
41, 2907367
What are the prime factors of 57006719?
7, 11, 23, 32189
What are the prime factors of 68784020?
2, 5, 3439201
List the prime factors of 2161357400.
2, 5, 211, 51217
What are the prime factors of 16747449?
3, 5582483
What are the prime factors of 1299731834?
2, 3413, 190409
List the prime factors of 2623142327.
13, 201780179
What are the prime factors of 63486696?
2, 3, 7, 13, 41, 709
List the prime factors of 2554103264.
2, 23, 3470249
What are the prime factors of 25100926?
2, 12550463
What are the prime factors of 1693717987?
13, 1483, 87853
List the prime factors of 1804935827.
2503, 721109
What are the prime factors of 27926435?
5, 5585287
List the prime factors of 96228847.
11, 13, 89, 7561
List the prime factors of 644088591.
3, 7951711
List the prime factors of 56244457.
131, 429347
What are the prime factors of 5102790?
2, 3, 5, 7, 11, 47
List the prime factors of 818142973.
818142973
What are the prime factors of 1863826420?
2, 5, 83, 229, 4903
List the prime factors of 20626687.
31, 67, 9931
List the prime factors of 1466940126.
2, 3, 739, 330839
What are the prime factors of 34895358?
2, 3, 83, 23357
List the prime factors of 981711158.
2, 37, 487, 27241
List the prime factors of 387741309.
3, 129247103
What are the prime factors of 2894909086?
2, 61, 23728763
What are the prime factors of 30519556?
2, 17, 1553
What are the prime factors of 95824282?
2, 47912141
List the prime factors of 438270246.
2, 3, 73, 333539
List the prime factors of 40388128.
2, 11, 179, 641
List the prime factors of 260537287.
260537287
What are the prime factors of 550545342?
2, 3, 23, 347, 11497
What are the prime factors of 3555530469?
3, 4643, 85087
List the prime factors of 40013515.
5, 1279, 6257
What are the prime factors of 92812511?
11, 19, 444079
What are the prime factors of 55280635?
5, 163, 67829
List the prime factors of 1558454085.
3, 5, 34632313
List the prime factors of 777130103.
31, 2351, 10663
What are the prime factors of 13068244?
2, 7, 466723
List the prime factors of 1708584322.
2, 854292161
What are the prime factors of 560962927?
7, 67, 241, 709
List the prime factors of 599372256.
2, 3, 7, 891923
List the prime factors of 1646849588.
2, 23, 227, 78857
List the prime factors of 746770632.
2, 3, 31115443
List the prime factors of 2559290414.
2, 107, 1429, 8369
What are the prime factors of 2018325250?
2, 5, 1229, 6569
List the prime factors of 49626521.
7, 1201, 5903
What are the prime factors of 4404264?
2, 3, 183511
List the prime factors of 1025845.
5, 199, 1031
What are the prime factors of 1659977809?
7, 237139687
What are the prime factors of 314706722?
2, 11, 173, 7517
What are the prime factors of 10418728?
2, 31, 43, 977
What are the prime factors of 1249321522?
2, 277, 2255093
List the prime factors of 7530121.
7530121
What are the prime factors of 12194478?
2, 3, 677471
What are the prime factors of 363313529?
363313529
What are the prime factors of 40370951?
83, 486397
List the prime factors of 1573854667.
7, 11, 149, 19597
What are the prime factors of 181512143?
59, 313, 9829
What are the prime factors of 49042929?
3, 13, 41, 30671
List the prime factors of 337039725.
3, 5, 11, 408533
What are the prime factors of 8368284?
2, 3, 17, 19, 127
What are the prime factors of 13055303?
17, 79, 9721
List the prime factors of 328453444.
2, 11, 7464851
List the prime factors of 1067013506.
2, 13, 3037, 13513
List the prime factors of 20739433.
11, 13, 145031
List the prime factors of 270952300.
2, 5, 179, 15137
What are the prime factors of 20754827?
20754827
What are the prime factors of 2517643213?
2517643213
List the prime factors of 746076259.
503, 1483253
List the prime factors of 297122718.
2, 3, 1187, 41719
List the prime factors of 2277835.
5, 7, 151, 431
List the prime factors of 33093990.
2, 3, 5, 367711
What are the prime factors of 1201765719?
3, 7, 11, 41, 18127
What are the prime factors of 2106123996?
2, 3, 2383, 73651
What are the prime factors of 698718393?
3, 31, 463, 601
What are the prime factors of 4989387820?
2, 5, 15259, 16349
What are the prime factors of 44975947?
31, 157, 9241
What are the prime factors of 5213690629?
7, 1669, 446263
What are the prime factors of 212369848?
2, 17, 73, 21391
What are the prime factors of 5225524181?
29, 180190489
List the prime factors of 3675976450.
2, 5, 191, 384919
List the prime factors of 148430117.
11, 13493647
List the prime factors of 730706871.
3, 227, 1072991
What are the prime factors of 758323920?
2, 3, 5, 43, 197, 373
What are the prime factors of 54905117?
19, 23, 125641
List the prime factors of 156603772.
2, 13, 601, 5011
List the prime factors of 136651667.
19, 599, 12007
List the prime factors of 455377237.
7, 19, 489127
What are the prime factors of 23274953?
13, 691, 2591
List the prime factors of 103195091.
419, 246289
What are the prime factors of 91783721?
653, 140557
List the prime factors of 400892687.
13, 30837899
What are the prime factors of 843141225?
3, 5, 47, 53, 4513
What are the prime factors of 847207900?
2, 5, 7, 11, 47, 2341
What are the prime factors of 1638738426?
2, 3, 13, 17, 617, 2003
List the prime factors of 121927212.
2, 3, 11, 47, 6551
List the prime factors of 214396766.
2, 53, 73, 103, 269
List the prime factors of 11998676.
2, 103, 29123
What are the prime factors of 163702834?
2, 81851417
What are the prime factors of 88609474?
2, 17, 2606161
What are the prime factors of 1091656579?
13, 83973583
List the prime factors of 1073042760.
2, 3, 5, 2531, 3533
What are the prime factors of 681968278?
2, 53, 811, 7933
What are the prime factors of 47518800?
2, 3, 5, 7, 5657
List the prime factors of 918244726.
2, 7, 5527, 11867
What are the prime factors of 17641748?
2, 37, 199, 599
List the prime factors of 486856184.
2, 60857023
What are the prime factors of 175456019?
1009, 173891
List the prime factors of 454922.
2, 13, 17497
List the prime factors of 126455408.
2, 59, 97, 1381
List the prime factors of 124566143.
13, 9582011
List the prime factors of 2069812417.
83, 151, 239, 691
What are the prime factors of 3623009127?
3, 1207669709
What are the prime factors of 54065923?
107, 439, 1151
What are the prime factors of 1752465413?
1752465413
What are the prime factors of 53825073?
3, 29, 618679
What are the prime factors of 33538218?
2, 3, 7, 31, 25759
List the prime factors of 276315706.
2, 8669, 15937
List the prime factors of 6620584.
2, 29, 28537
What are the prime factors of 27006735?
3, 5, 7, 31, 8297
What are the prime factors of 402975981?
3, 44775109
List the prime factors of 488281185.
3, 5, 7, 1550099
What are the prime factors of 1903024384?
2, 7433689
What are the prime factors of 393347652?
2, 3, 19, 73, 23633
What are the prime factors of 1798970332?
2, 449742583
What are the prime factors 